{"id":709,"date":"2019-02-14T10:33:30","date_gmt":"2019-02-14T10:33:30","guid":{"rendered":"https:\/\/www.conservatorialcoi.com\/\/pla-destudis\/"},"modified":"2023-12-01T14:08:41","modified_gmt":"2023-12-01T14:08:41","slug":"pla-destudis","status":"publish","type":"page","link":"https:\/\/www.conservatorialcoi.com\/ca\/informacio-academica\/ensenanza-elemental\/pla-destudis\/","title":{"rendered":"Pla d&#8217;estudis"},"content":{"rendered":"<p>[et_pb_section admin_label=&#8221;section&#8221;]<br \/>\n[et_pb_row admin_label=&#8221;row&#8221;]<br \/>\n[et_pb_column type=&#8221;4_4&#8243;]<br \/>\n[et_pb_text admin_label=&#8221;Text&#8221;]<br \/>\nAl Conservatori Professional de M\u00fasica \u201cJuan Cant\u00f3\u201d d&#8217;Alcoi el pla d&#8217;estudis dels Ensenyaments Elementals de m\u00fasica est\u00e0 compost per les seg\u00fcents especialitats instrumentals:<\/p>\n<p>&nbsp;<\/p>\n<ul>\n<li>Guitarra<\/li>\n<li>Instruments de corda fregada: viol\u00ed, viola, violoncel i contrabaix<\/li>\n<li>Instruments de vent-fusta: flauta travessera, obo\u00e8, clarinet, fagot, saxofon i dol\u00e7aina<\/li>\n<li>Instruments de vent- metall: trompa, trompeta, tromb\u00f3 i tuba\/bombard\u00ed<\/li>\n<li>Percussi\u00f3<\/li>\n<li>Piano<\/li>\n<\/ul>\n<p>&nbsp;<\/p>\n<p>\n<table id=\"tablepress-31\" class=\"tablepress tablepress-id-31 tbody-has-connected-cells\">\n<tbody class=\"row-striping row-hover\">\n<tr class=\"row-1\">\n\t<td class=\"column-1\">Assignatura<\/td><td colspan=\"4\" class=\"column-2\">Curs \/ hores per setmana<\/td>\n<\/tr>\n<tr class=\"row-2\">\n\t<td class=\"column-1\"><\/td><td class=\"column-2\">Primer<\/td><td class=\"column-3\">Segon<\/td><td class=\"column-4\">Tercer<\/td><td class=\"column-5\">Quart<\/td>\n<\/tr>\n<tr class=\"row-3\">\n\t<td class=\"column-1\">Instrument *<\/td><td class=\"column-2\">1<\/td><td class=\"column-3\">1<\/td><td class=\"column-4\">1<\/td><td class=\"column-5\">1<\/td>\n<\/tr>\n<tr class=\"row-4\">\n\t<td class=\"column-1\">Llenguatge musical<\/td><td class=\"column-2\">2<\/td><td class=\"column-3\">2<\/td><td class=\"column-4\">2<\/td><td class=\"column-5\">2<\/td>\n<\/tr>\n<tr class=\"row-5\">\n\t<td class=\"column-1\">Cor<\/td><td class=\"column-2\">1<\/td><td class=\"column-3\">1<\/td><td class=\"column-4\">1<\/td><td class=\"column-5\">1<\/td>\n<\/tr>\n<tr class=\"row-6\">\n\t<td class=\"column-1\">Conjunt<\/td><td class=\"column-2\">-<\/td><td class=\"column-3\">-<\/td><td class=\"column-4\">1<\/td><td class=\"column-5\">1<\/td>\n<\/tr>\n<tr class=\"row-7\">\n\t<td colspan=\"5\" class=\"column-1\">* Al marge de Percussi\u00f3, assignatura en qu\u00e8 les classes seran sempre col\u00b7lectives. Per a la seua organitzaci\u00f3 es formen grups d'alumnes en funci\u00f3 de les possibilitats organitzatives del centre. El temps lectiu assignat per a cada un d'estos grups ser\u00e0 de dos hores setmanals, i la r\u00e0tio professor\/alumne no ha de superar la proporci\u00f3 1\/5.<\/td>\n<\/tr>\n<\/tbody>\n<\/table>\n<!-- #tablepress-31 from cache --><br \/>\n[\/et_pb_text]<br \/>\n[\/et_pb_column]<br \/>\n[\/et_pb_row]<br \/>\n[\/et_pb_section]<\/p>\n","protected":false},"excerpt":{"rendered":"<p>[et_pb_section admin_label=&#8221;section&#8221;] [et_pb_row admin_label=&#8221;row&#8221;] [et_pb_column type=&#8221;4_4&#8243;] [et_pb_text admin_label=&#8221;Text&#8221;] Al Conservatori Professional de M\u00fasica \u201cJuan Cant\u00f3\u201d d&#8217;Alcoi el pla d&#8217;estudis dels Ensenyaments Elementals de m\u00fasica est\u00e0 compost per les seg\u00fcents especialitats instrumentals: &nbsp; Guitarra Instruments de corda fregada: viol\u00ed, viola, violoncel i contrabaix Instruments de vent-fusta: flauta travessera, obo\u00e8, clarinet, fagot, saxofon i dol\u00e7aina Instruments de [&hellip;]<\/p>\n","protected":false},"author":1,"featured_media":0,"parent":1194,"menu_order":3,"comment_status":"closed","ping_status":"closed","template":"","meta":{"footnotes":""},"class_list":["post-709","page","type-page","status-publish","hentry"],"yoast_head":"<!-- This site is optimized with the Yoast SEO plugin v27.3 - https:\/\/yoast.com\/product\/yoast-seo-wordpress\/ -->\n<title>Pla d&#039;estudis - Conservatori Professional de M\u00fasica Juan Cant\u00f3 en Alcoi<\/title>\n<meta name=\"robots\" content=\"index, follow, max-snippet:-1, max-image-preview:large, max-video-preview:-1\" \/>\n<link rel=\"canonical\" href=\"https:\/\/www.conservatorialcoi.com\/ca\/informacio-academica\/ensenanza-elemental\/pla-destudis\/\" \/>\n<meta property=\"og:locale\" content=\"ca_ES\" \/>\n<meta property=\"og:type\" content=\"article\" \/>\n<meta property=\"og:title\" content=\"Pla d&#039;estudis - Conservatori Professional de M\u00fasica Juan Cant\u00f3 en Alcoi\" \/>\n<meta property=\"og:description\" content=\"[et_pb_section admin_label=&#8221;section&#8221;] [et_pb_row admin_label=&#8221;row&#8221;] [et_pb_column type=&#8221;4_4&#8243;] [et_pb_text admin_label=&#8221;Text&#8221;] Al Conservatori Professional de M\u00fasica \u201cJuan Cant\u00f3\u201d d&#8217;Alcoi el pla d&#8217;estudis dels Ensenyaments Elementals de m\u00fasica est\u00e0 compost per les seg\u00fcents especialitats instrumentals: &nbsp; Guitarra Instruments de corda fregada: viol\u00ed, viola, violoncel i contrabaix Instruments de vent-fusta: flauta travessera, obo\u00e8, clarinet, fagot, saxofon i dol\u00e7aina Instruments de [&hellip;]\" \/>\n<meta property=\"og:url\" content=\"https:\/\/www.conservatorialcoi.com\/ca\/informacio-academica\/ensenanza-elemental\/pla-destudis\/\" \/>\n<meta property=\"og:site_name\" content=\"Conservatori Professional de M\u00fasica Juan Cant\u00f3 en Alcoi\" \/>\n<meta property=\"article:modified_time\" content=\"2023-12-01T14:08:41+00:00\" \/>\n<meta name=\"twitter:card\" content=\"summary_large_image\" \/>\n<meta name=\"twitter:label1\" content=\"Temps estimat de lectura\" \/>\n\t<meta name=\"twitter:data1\" content=\"1 minut\" \/>\n<script type=\"application\/ld+json\" class=\"yoast-schema-graph\">{\"@context\":\"https:\\\/\\\/schema.org\",\"@graph\":[{\"@type\":\"WebPage\",\"@id\":\"https:\\\/\\\/www.conservatorialcoi.com\\\/ca\\\/informacio-academica\\\/ensenanza-elemental\\\/pla-destudis\\\/\",\"url\":\"https:\\\/\\\/www.conservatorialcoi.com\\\/ca\\\/informacio-academica\\\/ensenanza-elemental\\\/pla-destudis\\\/\",\"name\":\"Pla d'estudis - Conservatori Professional de M\u00fasica Juan Cant\u00f3 en Alcoi\",\"isPartOf\":{\"@id\":\"https:\\\/\\\/www.conservatorialcoi.com\\\/#website\"},\"datePublished\":\"2019-02-14T10:33:30+00:00\",\"dateModified\":\"2023-12-01T14:08:41+00:00\",\"breadcrumb\":{\"@id\":\"https:\\\/\\\/www.conservatorialcoi.com\\\/ca\\\/informacio-academica\\\/ensenanza-elemental\\\/pla-destudis\\\/#breadcrumb\"},\"inLanguage\":\"ca\",\"potentialAction\":[{\"@type\":\"ReadAction\",\"target\":[\"https:\\\/\\\/www.conservatorialcoi.com\\\/ca\\\/informacio-academica\\\/ensenanza-elemental\\\/pla-destudis\\\/\"]}]},{\"@type\":\"BreadcrumbList\",\"@id\":\"https:\\\/\\\/www.conservatorialcoi.com\\\/ca\\\/informacio-academica\\\/ensenanza-elemental\\\/pla-destudis\\\/#breadcrumb\",\"itemListElement\":[{\"@type\":\"ListItem\",\"position\":1,\"name\":\"Portada\",\"item\":\"https:\\\/\\\/www.conservatorialcoi.com\\\/ca\\\/\"},{\"@type\":\"ListItem\",\"position\":2,\"name\":\"Informaci\u00f3 acad\u00e8mica\",\"item\":\"https:\\\/\\\/www.conservatorialcoi.com\\\/ca\\\/informacio-academica\\\/\"},{\"@type\":\"ListItem\",\"position\":3,\"name\":\"Ensenyaments Elementals\",\"item\":\"https:\\\/\\\/www.conservatorialcoi.com\\\/ca\\\/informacio-academica\\\/ensenanza-elemental\\\/\"},{\"@type\":\"ListItem\",\"position\":4,\"name\":\"Pla d&#8217;estudis\"}]},{\"@type\":\"WebSite\",\"@id\":\"https:\\\/\\\/www.conservatorialcoi.com\\\/#website\",\"url\":\"https:\\\/\\\/www.conservatorialcoi.com\\\/\",\"name\":\"Conservatori Professional de M\u00fasica Juan Cant\u00f3 en Alcoi\",\"description\":\"\",\"potentialAction\":[{\"@type\":\"SearchAction\",\"target\":{\"@type\":\"EntryPoint\",\"urlTemplate\":\"https:\\\/\\\/www.conservatorialcoi.com\\\/?s={search_term_string}\"},\"query-input\":{\"@type\":\"PropertyValueSpecification\",\"valueRequired\":true,\"valueName\":\"search_term_string\"}}],\"inLanguage\":\"ca\"}]}<\/script>\n<!-- \/ Yoast SEO plugin. -->","yoast_head_json":{"title":"Pla d'estudis - Conservatori Professional de M\u00fasica Juan Cant\u00f3 en Alcoi","robots":{"index":"index","follow":"follow","max-snippet":"max-snippet:-1","max-image-preview":"max-image-preview:large","max-video-preview":"max-video-preview:-1"},"canonical":"https:\/\/www.conservatorialcoi.com\/ca\/informacio-academica\/ensenanza-elemental\/pla-destudis\/","og_locale":"ca_ES","og_type":"article","og_title":"Pla d'estudis - Conservatori Professional de M\u00fasica Juan Cant\u00f3 en Alcoi","og_description":"[et_pb_section admin_label=&#8221;section&#8221;] [et_pb_row admin_label=&#8221;row&#8221;] [et_pb_column type=&#8221;4_4&#8243;] [et_pb_text admin_label=&#8221;Text&#8221;] Al Conservatori Professional de M\u00fasica \u201cJuan Cant\u00f3\u201d d&#8217;Alcoi el pla d&#8217;estudis dels Ensenyaments Elementals de m\u00fasica est\u00e0 compost per les seg\u00fcents especialitats instrumentals: &nbsp; Guitarra Instruments de corda fregada: viol\u00ed, viola, violoncel i contrabaix Instruments de vent-fusta: flauta travessera, obo\u00e8, clarinet, fagot, saxofon i dol\u00e7aina Instruments de [&hellip;]","og_url":"https:\/\/www.conservatorialcoi.com\/ca\/informacio-academica\/ensenanza-elemental\/pla-destudis\/","og_site_name":"Conservatori Professional de M\u00fasica Juan Cant\u00f3 en Alcoi","article_modified_time":"2023-12-01T14:08:41+00:00","twitter_card":"summary_large_image","twitter_misc":{"Temps estimat de lectura":"1 minut"},"schema":{"@context":"https:\/\/schema.org","@graph":[{"@type":"WebPage","@id":"https:\/\/www.conservatorialcoi.com\/ca\/informacio-academica\/ensenanza-elemental\/pla-destudis\/","url":"https:\/\/www.conservatorialcoi.com\/ca\/informacio-academica\/ensenanza-elemental\/pla-destudis\/","name":"Pla d'estudis - Conservatori Professional de M\u00fasica Juan Cant\u00f3 en Alcoi","isPartOf":{"@id":"https:\/\/www.conservatorialcoi.com\/#website"},"datePublished":"2019-02-14T10:33:30+00:00","dateModified":"2023-12-01T14:08:41+00:00","breadcrumb":{"@id":"https:\/\/www.conservatorialcoi.com\/ca\/informacio-academica\/ensenanza-elemental\/pla-destudis\/#breadcrumb"},"inLanguage":"ca","potentialAction":[{"@type":"ReadAction","target":["https:\/\/www.conservatorialcoi.com\/ca\/informacio-academica\/ensenanza-elemental\/pla-destudis\/"]}]},{"@type":"BreadcrumbList","@id":"https:\/\/www.conservatorialcoi.com\/ca\/informacio-academica\/ensenanza-elemental\/pla-destudis\/#breadcrumb","itemListElement":[{"@type":"ListItem","position":1,"name":"Portada","item":"https:\/\/www.conservatorialcoi.com\/ca\/"},{"@type":"ListItem","position":2,"name":"Informaci\u00f3 acad\u00e8mica","item":"https:\/\/www.conservatorialcoi.com\/ca\/informacio-academica\/"},{"@type":"ListItem","position":3,"name":"Ensenyaments Elementals","item":"https:\/\/www.conservatorialcoi.com\/ca\/informacio-academica\/ensenanza-elemental\/"},{"@type":"ListItem","position":4,"name":"Pla d&#8217;estudis"}]},{"@type":"WebSite","@id":"https:\/\/www.conservatorialcoi.com\/#website","url":"https:\/\/www.conservatorialcoi.com\/","name":"Conservatori Professional de M\u00fasica Juan Cant\u00f3 en Alcoi","description":"","potentialAction":[{"@type":"SearchAction","target":{"@type":"EntryPoint","urlTemplate":"https:\/\/www.conservatorialcoi.com\/?s={search_term_string}"},"query-input":{"@type":"PropertyValueSpecification","valueRequired":true,"valueName":"search_term_string"}}],"inLanguage":"ca"}]}},"_links":{"self":[{"href":"https:\/\/www.conservatorialcoi.com\/ca\/wp-json\/wp\/v2\/pages\/709","targetHints":{"allow":["GET"]}}],"collection":[{"href":"https:\/\/www.conservatorialcoi.com\/ca\/wp-json\/wp\/v2\/pages"}],"about":[{"href":"https:\/\/www.conservatorialcoi.com\/ca\/wp-json\/wp\/v2\/types\/page"}],"author":[{"embeddable":true,"href":"https:\/\/www.conservatorialcoi.com\/ca\/wp-json\/wp\/v2\/users\/1"}],"replies":[{"embeddable":true,"href":"https:\/\/www.conservatorialcoi.com\/ca\/wp-json\/wp\/v2\/comments?post=709"}],"version-history":[{"count":5,"href":"https:\/\/www.conservatorialcoi.com\/ca\/wp-json\/wp\/v2\/pages\/709\/revisions"}],"predecessor-version":[{"id":8105,"href":"https:\/\/www.conservatorialcoi.com\/ca\/wp-json\/wp\/v2\/pages\/709\/revisions\/8105"}],"up":[{"embeddable":true,"href":"https:\/\/www.conservatorialcoi.com\/ca\/wp-json\/wp\/v2\/pages\/1194"}],"wp:attachment":[{"href":"https:\/\/www.conservatorialcoi.com\/ca\/wp-json\/wp\/v2\/media?parent=709"}],"curies":[{"name":"wp","href":"https:\/\/api.w.org\/{rel}","templated":true}]}}

<p>[et_pb_section admin_label=&#8221;section&#8221;]<br />
[et_pb_row admin_label=&#8221;row&#8221;]<br />
[et_pb_column type=&#8221;4_4&#8243;]<br />
[et_pb_text admin_label=&#8221;Text&#8221;]<br />
Al Conservatori Professional de Música “Juan Cantó” d&#8217;Alcoi el pla d&#8217;estudis dels Ensenyaments Elementals de música està compost per les següents especialitats instrumentals:</p>
<p>&nbsp;</p>
<ul>
<li>Guitarra</li>
<li>Instruments de corda fregada: violí, viola, violoncel i contrabaix</li>
<li>Instruments de vent-fusta: flauta travessera, oboè, clarinet, fagot, saxofon i dolçaina</li>
<li>Instruments de vent- metall: trompa, trompeta, trombó i tuba/bombardí</li>
<li>Percussió</li>
<li>Piano</li>
</ul>
<p>&nbsp;</p>
<p>
<table id="tablepress-31" class="tablepress tablepress-id-31 tbody-has-connected-cells">
<tbody class="row-striping row-hover">
<tr class="row-1">
	<td class="column-1">Assignatura</td><td colspan="4" class="column-2">Curs / hores per setmana</td>
</tr>
<tr class="row-2">
	<td class="column-1"></td><td class="column-2">Primer</td><td class="column-3">Segon</td><td class="column-4">Tercer</td><td class="column-5">Quart</td>
</tr>
<tr class="row-3">
	<td class="column-1">Instrument *</td><td class="column-2">1</td><td class="column-3">1</td><td class="column-4">1</td><td class="column-5">1</td>
</tr>
<tr class="row-4">
	<td class="column-1">Llenguatge musical</td><td class="column-2">2</td><td class="column-3">2</td><td class="column-4">2</td><td class="column-5">2</td>
</tr>
<tr class="row-5">
	<td class="column-1">Cor</td><td class="column-2">1</td><td class="column-3">1</td><td class="column-4">1</td><td class="column-5">1</td>
</tr>
<tr class="row-6">
	<td class="column-1">Conjunt</td><td class="column-2">-</td><td class="column-3">-</td><td class="column-4">1</td><td class="column-5">1</td>
</tr>
<tr class="row-7">
	<td colspan="5" class="column-1">* Al marge de Percussió, assignatura en què les classes seran sempre col·lectives. Per a la seua organització es formen grups d'alumnes en funció de les possibilitats organitzatives del centre. El temps lectiu assignat per a cada un d'estos grups serà de dos hores setmanals, i la ràtio professor/alumne no ha de superar la proporció 1/5.</td>
</tr>
</tbody>
</table>
<!-- #tablepress-31 from cache --><br />
[/et_pb_text]<br />
[/et_pb_column]<br />
[/et_pb_row]<br />
[/et_pb_section]</p>

<p>[et_pb_section admin_label=&#8221;section&#8221;] [et_pb_row admin_label=&#8221;row&#8221;] [et_pb_column type=&#8221;4_4&#8243;] [et_pb_text admin_label=&#8221;Text&#8221;] Al Conservatori Professional de Música “Juan Cantó” d&#8217;Alcoi el pla d&#8217;estudis dels Ensenyaments Elementals de música està compost per les següents especialitats instrumentals: &nbsp; Guitarra Instruments de corda fregada: violí, viola, violoncel i contrabaix Instruments de vent-fusta: flauta travessera, oboè, clarinet, fagot, saxofon i dolçaina Instruments de [&hellip;]</p>

<!-- This site is optimized with the Yoast SEO plugin v27.3 - https://yoast.com/product/yoast-seo-wordpress/ -->
<title>Pla d&#039;estudis - Conservatori Professional de Música Juan Cantó en Alcoi</title>
<meta name="robots" content="index, follow, max-snippet:-1, max-image-preview:large, max-video-preview:-1" />
<link rel="canonical" href="https://www.conservatorialcoi.com/ca/informacio-academica/ensenanza-elemental/pla-destudis/" />
<meta property="og:locale" content="ca_ES" />
<meta property="og:type" content="article" />
<meta property="og:title" content="Pla d&#039;estudis - Conservatori Professional de Música Juan Cantó en Alcoi" />
<meta property="og:description" content="[et_pb_section admin_label=&#8221;section&#8221;] [et_pb_row admin_label=&#8221;row&#8221;] [et_pb_column type=&#8221;4_4&#8243;] [et_pb_text admin_label=&#8221;Text&#8221;] Al Conservatori Professional de Música “Juan Cantó” d&#8217;Alcoi el pla d&#8217;estudis dels Ensenyaments Elementals de música està compost per les següents especialitats instrumentals: &nbsp; Guitarra Instruments de corda fregada: violí, viola, violoncel i contrabaix Instruments de vent-fusta: flauta travessera, oboè, clarinet, fagot, saxofon i dolçaina Instruments de [&hellip;]" />
<meta property="og:url" content="https://www.conservatorialcoi.com/ca/informacio-academica/ensenanza-elemental/pla-destudis/" />
<meta property="og:site_name" content="Conservatori Professional de Música Juan Cantó en Alcoi" />
<meta property="article:modified_time" content="2023-12-01T14:08:41+00:00" />
<meta name="twitter:card" content="summary_large_image" />
<meta name="twitter:label1" content="Temps estimat de lectura" />
	<meta name="twitter:data1" content="1 minut" />
<script type="application/ld+json" class="yoast-schema-graph">{"@context":"https:\/\/schema.org","@graph":[{"@type":"WebPage","@id":"https:\/\/www.conservatorialcoi.com\/ca\/informacio-academica\/ensenanza-elemental\/pla-destudis\/","url":"https:\/\/www.conservatorialcoi.com\/ca\/informacio-academica\/ensenanza-elemental\/pla-destudis\/","name":"Pla d'estudis - Conservatori Professional de Música Juan Cantó en Alcoi","isPartOf":{"@id":"https:\/\/www.conservatorialcoi.com\/#website"},"datePublished":"2019-02-14T10:33:30+00:00","dateModified":"2023-12-01T14:08:41+00:00","breadcrumb":{"@id":"https:\/\/www.conservatorialcoi.com\/ca\/informacio-academica\/ensenanza-elemental\/pla-destudis\/#breadcrumb"},"inLanguage":"ca","potentialAction":[{"@type":"ReadAction","target":["https:\/\/www.conservatorialcoi.com\/ca\/informacio-academica\/ensenanza-elemental\/pla-destudis\/"]}]},{"@type":"BreadcrumbList","@id":"https:\/\/www.conservatorialcoi.com\/ca\/informacio-academica\/ensenanza-elemental\/pla-destudis\/#breadcrumb","itemListElement":[{"@type":"ListItem","position":1,"name":"Portada","item":"https:\/\/www.conservatorialcoi.com\/ca\/"},{"@type":"ListItem","position":2,"name":"Informació acadèmica","item":"https:\/\/www.conservatorialcoi.com\/ca\/informacio-academica\/"},{"@type":"ListItem","position":3,"name":"Ensenyaments Elementals","item":"https:\/\/www.conservatorialcoi.com\/ca\/informacio-academica\/ensenanza-elemental\/"},{"@type":"ListItem","position":4,"name":"Pla d&#8217;estudis"}]},{"@type":"WebSite","@id":"https:\/\/www.conservatorialcoi.com\/#website","url":"https:\/\/www.conservatorialcoi.com\/","name":"Conservatori Professional de Música Juan Cantó en Alcoi","description":"","potentialAction":[{"@type":"SearchAction","target":{"@type":"EntryPoint","urlTemplate":"https:\/\/www.conservatorialcoi.com\/?s={search_term_string}"},"query-input":{"@type":"PropertyValueSpecification","valueRequired":true,"valueName":"search_term_string"}}],"inLanguage":"ca"}]}</script>
<!-- / Yoast SEO plugin. -->

Pla d'estudis - Conservatori Professional de Música Juan Cantó en Alcoi

[et_pb_section admin_label=&#8221;section&#8221;] [et_pb_row admin_label=&#8221;row&#8221;] [et_pb_column type=&#8221;4_4&#8243;] [et_pb_text admin_label=&#8221;Text&#8221;] Al Conservatori Professional de Música “Juan Cantó” d&#8217;Alcoi el pla d&#8217;estudis dels Ensenyaments Elementals de música està compost per les següents especialitats instrumentals: &nbsp; Guitarra Instruments de corda fregada: violí, viola, violoncel i contrabaix Instruments de vent-fusta: flauta travessera, oboè, clarinet, fagot, saxofon i dolçaina Instruments de [&hellip;]

Conservatori Professional de Música Juan Cantó en Alcoi

Informació acadèmica
