{"id":1237,"date":"2018-09-12T07:05:32","date_gmt":"2018-09-12T07:05:32","guid":{"rendered":"https:\/\/www.conservatorialcoi.com\/\/secretaria\/legislacion\/"},"modified":"2019-02-28T08:18:58","modified_gmt":"2019-02-28T08:18:58","slug":"legislacion","status":"publish","type":"page","link":"https:\/\/www.conservatorialcoi.com\/ca\/secretaria\/legislacion\/","title":{"rendered":"Legislaci\u00f3"},"content":{"rendered":"<p>En esta p\u00e0gina podeu trobar tota la legislaci\u00f3 aplicable a les ensenyances reglades de m\u00fasica, tant Elementals o Professionals. Els enlla\u00e7os porten a la p\u00e0gina del Servici de Ensenyances de r\u00e8gim especial, que \u00e9s l&#8217;encarregat del control normatiu dels nostres estudis.<\/p>\n<p>&nbsp;<\/p>\n<ul>\n<li><strong><a href=\"http:\/\/www.ceice.gva.es\/va\/web\/ordenacion-academica\" target=\"_blank\" rel=\"noopener\">Normativa Ensenyances Elementals<\/a><\/strong> (Decret del Curr\u00edculum i posteriors modificacions).<\/li>\n<li><strong><a href=\"http:\/\/www.ceice.gva.es\/va\/web\/ordenacion-academica\" target=\"_blank\" rel=\"noopener\">Normativa Ensenyances Professionals<\/a> <\/strong>(Decret del Curr\u00edculum i posteriors modificacions,<br \/>\npremis professionals i convalidacions).<\/li>\n<li><strong><a href=\"http:\/\/www.ceice.gva.es\/va\/web\/ordenacion-academica\" target=\"_blank\" rel=\"noopener\">Regulaci\u00f3 de les Ensenyances<\/a><\/strong> (aspectes d&#8217;ordenaci\u00f3 general, normativa d&#8217;acc\u00e9s, etc).<\/li>\n<\/ul>\n","protected":false},"excerpt":{"rendered":"<p>En esta p\u00e0gina podeu trobar tota la legislaci\u00f3 aplicable a les ensenyances reglades de m\u00fasica, tant Elementals o Professionals. Els enlla\u00e7os porten a la p\u00e0gina del Servici de Ensenyances de r\u00e8gim especial, que \u00e9s l&#8217;encarregat del control normatiu dels nostres estudis. &nbsp; Normativa Ensenyances Elementals (Decret del Curr\u00edculum i posteriors modificacions). Normativa Ensenyances Professionals (Decret [&hellip;]<\/p>\n","protected":false},"author":1,"featured_media":0,"parent":1197,"menu_order":5,"comment_status":"closed","ping_status":"closed","template":"","meta":{"footnotes":""},"class_list":["post-1237","page","type-page","status-publish","hentry"],"yoast_head":"<!-- This site is optimized with the Yoast SEO plugin v27.3 - https:\/\/yoast.com\/product\/yoast-seo-wordpress\/ -->\n<title>Legislaci\u00f3 - Conservatori Professional de M\u00fasica Juan Cant\u00f3 en Alcoi<\/title>\n<meta name=\"robots\" content=\"index, follow, max-snippet:-1, max-image-preview:large, max-video-preview:-1\" \/>\n<link rel=\"canonical\" href=\"https:\/\/www.conservatorialcoi.com\/ca\/secretaria\/legislacion\/\" \/>\n<meta property=\"og:locale\" content=\"ca_ES\" \/>\n<meta property=\"og:type\" content=\"article\" \/>\n<meta property=\"og:title\" content=\"Legislaci\u00f3 - Conservatori Professional de M\u00fasica Juan Cant\u00f3 en Alcoi\" \/>\n<meta property=\"og:description\" content=\"En esta p\u00e0gina podeu trobar tota la legislaci\u00f3 aplicable a les ensenyances reglades de m\u00fasica, tant Elementals o Professionals. Els enlla\u00e7os porten a la p\u00e0gina del Servici de Ensenyances de r\u00e8gim especial, que \u00e9s l&#8217;encarregat del control normatiu dels nostres estudis. &nbsp; Normativa Ensenyances Elementals (Decret del Curr\u00edculum i posteriors modificacions). Normativa Ensenyances Professionals (Decret [&hellip;]\" \/>\n<meta property=\"og:url\" content=\"https:\/\/www.conservatorialcoi.com\/ca\/secretaria\/legislacion\/\" \/>\n<meta property=\"og:site_name\" content=\"Conservatori Professional de M\u00fasica Juan Cant\u00f3 en Alcoi\" \/>\n<meta property=\"article:modified_time\" content=\"2019-02-28T08:18:58+00:00\" \/>\n<meta name=\"twitter:card\" content=\"summary_large_image\" \/>\n<script type=\"application\/ld+json\" class=\"yoast-schema-graph\">{\"@context\":\"https:\\\/\\\/schema.org\",\"@graph\":[{\"@type\":\"WebPage\",\"@id\":\"https:\\\/\\\/www.conservatorialcoi.com\\\/ca\\\/secretaria\\\/legislacion\\\/\",\"url\":\"https:\\\/\\\/www.conservatorialcoi.com\\\/ca\\\/secretaria\\\/legislacion\\\/\",\"name\":\"Legislaci\u00f3 - Conservatori Professional de M\u00fasica Juan Cant\u00f3 en Alcoi\",\"isPartOf\":{\"@id\":\"https:\\\/\\\/www.conservatorialcoi.com\\\/#website\"},\"datePublished\":\"2018-09-12T07:05:32+00:00\",\"dateModified\":\"2019-02-28T08:18:58+00:00\",\"breadcrumb\":{\"@id\":\"https:\\\/\\\/www.conservatorialcoi.com\\\/ca\\\/secretaria\\\/legislacion\\\/#breadcrumb\"},\"inLanguage\":\"ca\",\"potentialAction\":[{\"@type\":\"ReadAction\",\"target\":[\"https:\\\/\\\/www.conservatorialcoi.com\\\/ca\\\/secretaria\\\/legislacion\\\/\"]}]},{\"@type\":\"BreadcrumbList\",\"@id\":\"https:\\\/\\\/www.conservatorialcoi.com\\\/ca\\\/secretaria\\\/legislacion\\\/#breadcrumb\",\"itemListElement\":[{\"@type\":\"ListItem\",\"position\":1,\"name\":\"Portada\",\"item\":\"https:\\\/\\\/www.conservatorialcoi.com\\\/ca\\\/\"},{\"@type\":\"ListItem\",\"position\":2,\"name\":\"Secretar\u00eda\",\"item\":\"https:\\\/\\\/www.conservatorialcoi.com\\\/ca\\\/secretaria\\\/\"},{\"@type\":\"ListItem\",\"position\":3,\"name\":\"Legislaci\u00f3\"}]},{\"@type\":\"WebSite\",\"@id\":\"https:\\\/\\\/www.conservatorialcoi.com\\\/#website\",\"url\":\"https:\\\/\\\/www.conservatorialcoi.com\\\/\",\"name\":\"Conservatori Professional de M\u00fasica Juan Cant\u00f3 en Alcoi\",\"description\":\"\",\"potentialAction\":[{\"@type\":\"SearchAction\",\"target\":{\"@type\":\"EntryPoint\",\"urlTemplate\":\"https:\\\/\\\/www.conservatorialcoi.com\\\/?s={search_term_string}\"},\"query-input\":{\"@type\":\"PropertyValueSpecification\",\"valueRequired\":true,\"valueName\":\"search_term_string\"}}],\"inLanguage\":\"ca\"}]}<\/script>\n<!-- \/ Yoast SEO plugin. -->","yoast_head_json":{"title":"Legislaci\u00f3 - Conservatori Professional de M\u00fasica Juan Cant\u00f3 en Alcoi","robots":{"index":"index","follow":"follow","max-snippet":"max-snippet:-1","max-image-preview":"max-image-preview:large","max-video-preview":"max-video-preview:-1"},"canonical":"https:\/\/www.conservatorialcoi.com\/ca\/secretaria\/legislacion\/","og_locale":"ca_ES","og_type":"article","og_title":"Legislaci\u00f3 - Conservatori Professional de M\u00fasica Juan Cant\u00f3 en Alcoi","og_description":"En esta p\u00e0gina podeu trobar tota la legislaci\u00f3 aplicable a les ensenyances reglades de m\u00fasica, tant Elementals o Professionals. Els enlla\u00e7os porten a la p\u00e0gina del Servici de Ensenyances de r\u00e8gim especial, que \u00e9s l&#8217;encarregat del control normatiu dels nostres estudis. &nbsp; Normativa Ensenyances Elementals (Decret del Curr\u00edculum i posteriors modificacions). Normativa Ensenyances Professionals (Decret [&hellip;]","og_url":"https:\/\/www.conservatorialcoi.com\/ca\/secretaria\/legislacion\/","og_site_name":"Conservatori Professional de M\u00fasica Juan Cant\u00f3 en Alcoi","article_modified_time":"2019-02-28T08:18:58+00:00","twitter_card":"summary_large_image","schema":{"@context":"https:\/\/schema.org","@graph":[{"@type":"WebPage","@id":"https:\/\/www.conservatorialcoi.com\/ca\/secretaria\/legislacion\/","url":"https:\/\/www.conservatorialcoi.com\/ca\/secretaria\/legislacion\/","name":"Legislaci\u00f3 - Conservatori Professional de M\u00fasica Juan Cant\u00f3 en Alcoi","isPartOf":{"@id":"https:\/\/www.conservatorialcoi.com\/#website"},"datePublished":"2018-09-12T07:05:32+00:00","dateModified":"2019-02-28T08:18:58+00:00","breadcrumb":{"@id":"https:\/\/www.conservatorialcoi.com\/ca\/secretaria\/legislacion\/#breadcrumb"},"inLanguage":"ca","potentialAction":[{"@type":"ReadAction","target":["https:\/\/www.conservatorialcoi.com\/ca\/secretaria\/legislacion\/"]}]},{"@type":"BreadcrumbList","@id":"https:\/\/www.conservatorialcoi.com\/ca\/secretaria\/legislacion\/#breadcrumb","itemListElement":[{"@type":"ListItem","position":1,"name":"Portada","item":"https:\/\/www.conservatorialcoi.com\/ca\/"},{"@type":"ListItem","position":2,"name":"Secretar\u00eda","item":"https:\/\/www.conservatorialcoi.com\/ca\/secretaria\/"},{"@type":"ListItem","position":3,"name":"Legislaci\u00f3"}]},{"@type":"WebSite","@id":"https:\/\/www.conservatorialcoi.com\/#website","url":"https:\/\/www.conservatorialcoi.com\/","name":"Conservatori Professional de M\u00fasica Juan Cant\u00f3 en Alcoi","description":"","potentialAction":[{"@type":"SearchAction","target":{"@type":"EntryPoint","urlTemplate":"https:\/\/www.conservatorialcoi.com\/?s={search_term_string}"},"query-input":{"@type":"PropertyValueSpecification","valueRequired":true,"valueName":"search_term_string"}}],"inLanguage":"ca"}]}},"_links":{"self":[{"href":"https:\/\/www.conservatorialcoi.com\/ca\/wp-json\/wp\/v2\/pages\/1237","targetHints":{"allow":["GET"]}}],"collection":[{"href":"https:\/\/www.conservatorialcoi.com\/ca\/wp-json\/wp\/v2\/pages"}],"about":[{"href":"https:\/\/www.conservatorialcoi.com\/ca\/wp-json\/wp\/v2\/types\/page"}],"author":[{"embeddable":true,"href":"https:\/\/www.conservatorialcoi.com\/ca\/wp-json\/wp\/v2\/users\/1"}],"replies":[{"embeddable":true,"href":"https:\/\/www.conservatorialcoi.com\/ca\/wp-json\/wp\/v2\/comments?post=1237"}],"version-history":[{"count":1,"href":"https:\/\/www.conservatorialcoi.com\/ca\/wp-json\/wp\/v2\/pages\/1237\/revisions"}],"predecessor-version":[{"id":1359,"href":"https:\/\/www.conservatorialcoi.com\/ca\/wp-json\/wp\/v2\/pages\/1237\/revisions\/1359"}],"up":[{"embeddable":true,"href":"https:\/\/www.conservatorialcoi.com\/ca\/wp-json\/wp\/v2\/pages\/1197"}],"wp:attachment":[{"href":"https:\/\/www.conservatorialcoi.com\/ca\/wp-json\/wp\/v2\/media?parent=1237"}],"curies":[{"name":"wp","href":"https:\/\/api.w.org\/{rel}","templated":true}]}}

Legislació

<p>En esta pàgina podeu trobar tota la legislació aplicable a les ensenyances reglades de música, tant Elementals o Professionals. Els enllaços porten a la pàgina del Servici de Ensenyances de règim especial, que és l&#8217;encarregat del control normatiu dels nostres estudis.</p>
<p>&nbsp;</p>
<ul>
<li><strong><a href="http://www.ceice.gva.es/va/web/ordenacion-academica" target="_blank" rel="noopener">Normativa Ensenyances Elementals</a></strong> (Decret del Currículum i posteriors modificacions).</li>
<li><strong><a href="http://www.ceice.gva.es/va/web/ordenacion-academica" target="_blank" rel="noopener">Normativa Ensenyances Professionals</a> </strong>(Decret del Currículum i posteriors modificacions,<br />
premis professionals i convalidacions).</li>
<li><strong><a href="http://www.ceice.gva.es/va/web/ordenacion-academica" target="_blank" rel="noopener">Regulació de les Ensenyances</a></strong> (aspectes d&#8217;ordenació general, normativa d&#8217;accés, etc).</li>
</ul>

<p>En esta pàgina podeu trobar tota la legislació aplicable a les ensenyances reglades de música, tant Elementals o Professionals. Els enllaços porten a la pàgina del Servici de Ensenyances de règim especial, que és l&#8217;encarregat del control normatiu dels nostres estudis. &nbsp; Normativa Ensenyances Elementals (Decret del Currículum i posteriors modificacions). Normativa Ensenyances Professionals (Decret [&hellip;]</p>

<!-- This site is optimized with the Yoast SEO plugin v27.3 - https://yoast.com/product/yoast-seo-wordpress/ -->
<title>Legislació - Conservatori Professional de Música Juan Cantó en Alcoi</title>
<meta name="robots" content="index, follow, max-snippet:-1, max-image-preview:large, max-video-preview:-1" />
<link rel="canonical" href="https://www.conservatorialcoi.com/ca/secretaria/legislacion/" />
<meta property="og:locale" content="ca_ES" />
<meta property="og:type" content="article" />
<meta property="og:title" content="Legislació - Conservatori Professional de Música Juan Cantó en Alcoi" />
<meta property="og:description" content="En esta pàgina podeu trobar tota la legislació aplicable a les ensenyances reglades de música, tant Elementals o Professionals. Els enllaços porten a la pàgina del Servici de Ensenyances de règim especial, que és l&#8217;encarregat del control normatiu dels nostres estudis. &nbsp; Normativa Ensenyances Elementals (Decret del Currículum i posteriors modificacions). Normativa Ensenyances Professionals (Decret [&hellip;]" />
<meta property="og:url" content="https://www.conservatorialcoi.com/ca/secretaria/legislacion/" />
<meta property="og:site_name" content="Conservatori Professional de Música Juan Cantó en Alcoi" />
<meta property="article:modified_time" content="2019-02-28T08:18:58+00:00" />
<meta name="twitter:card" content="summary_large_image" />
<script type="application/ld+json" class="yoast-schema-graph">{"@context":"https:\/\/schema.org","@graph":[{"@type":"WebPage","@id":"https:\/\/www.conservatorialcoi.com\/ca\/secretaria\/legislacion\/","url":"https:\/\/www.conservatorialcoi.com\/ca\/secretaria\/legislacion\/","name":"Legislació - Conservatori Professional de Música Juan Cantó en Alcoi","isPartOf":{"@id":"https:\/\/www.conservatorialcoi.com\/#website"},"datePublished":"2018-09-12T07:05:32+00:00","dateModified":"2019-02-28T08:18:58+00:00","breadcrumb":{"@id":"https:\/\/www.conservatorialcoi.com\/ca\/secretaria\/legislacion\/#breadcrumb"},"inLanguage":"ca","potentialAction":[{"@type":"ReadAction","target":["https:\/\/www.conservatorialcoi.com\/ca\/secretaria\/legislacion\/"]}]},{"@type":"BreadcrumbList","@id":"https:\/\/www.conservatorialcoi.com\/ca\/secretaria\/legislacion\/#breadcrumb","itemListElement":[{"@type":"ListItem","position":1,"name":"Portada","item":"https:\/\/www.conservatorialcoi.com\/ca\/"},{"@type":"ListItem","position":2,"name":"Secretaría","item":"https:\/\/www.conservatorialcoi.com\/ca\/secretaria\/"},{"@type":"ListItem","position":3,"name":"Legislació"}]},{"@type":"WebSite","@id":"https:\/\/www.conservatorialcoi.com\/#website","url":"https:\/\/www.conservatorialcoi.com\/","name":"Conservatori Professional de Música Juan Cantó en Alcoi","description":"","potentialAction":[{"@type":"SearchAction","target":{"@type":"EntryPoint","urlTemplate":"https:\/\/www.conservatorialcoi.com\/?s={search_term_string}"},"query-input":{"@type":"PropertyValueSpecification","valueRequired":true,"valueName":"search_term_string"}}],"inLanguage":"ca"}]}</script>
<!-- / Yoast SEO plugin. -->

Legislació - Conservatori Professional de Música Juan Cantó en Alcoi

En esta pàgina podeu trobar tota la legislació aplicable a les ensenyances reglades de música, tant Elementals o Professionals. Els enllaços porten a la pàgina del Servici de Ensenyances de règim especial, que és l&#8217;encarregat del control normatiu dels nostres estudis. &nbsp; Normativa Ensenyances Elementals (Decret del Currículum i posteriors modificacions). Normativa Ensenyances Professionals (Decret [&hellip;]

Conservatori Professional de Música Juan Cantó en Alcoi

Secretaría
