{"version":"1.0","provider_name":"Conservatori Professional de M\u00fasica Juan Cant\u00f3 en Alcoi","provider_url":"https:\/\/www.conservatorialcoi.com\/ca\/","author_name":"acceseo","author_url":"https:\/\/www.conservatorialcoi.com\/ca\/author\/acceseo\/","title":"Tr\u00e0mits seu electr\u00f2nica - Conservatori Professional de M\u00fasica Juan Cant\u00f3 en Alcoi","type":"rich","width":600,"height":338,"html":"<blockquote class=\"wp-embedded-content\" data-secret=\"VLBlxgVaqr\"><a href=\"https:\/\/www.conservatorialcoi.com\/ca\/secretaria\/tramits-seu-electronica\/\">Tr\u00e0mits seu electr\u00f2nica<\/a><\/blockquote><iframe sandbox=\"allow-scripts\" security=\"restricted\" src=\"https:\/\/www.conservatorialcoi.com\/ca\/secretaria\/tramits-seu-electronica\/embed\/#?secret=VLBlxgVaqr\" width=\"600\" height=\"338\" title=\"&#8220;Tr\u00e0mits seu electr\u00f2nica&#8221; &#8212; Conservatori Professional de M\u00fasica Juan Cant\u00f3 en Alcoi\" data-secret=\"VLBlxgVaqr\" frameborder=\"0\" marginwidth=\"0\" marginheight=\"0\" scrolling=\"no\" class=\"wp-embedded-content\"><\/iframe><script type=\"text\/javascript\">\n\/* <![CDATA[ *\/\n\/*! This file is auto-generated *\/\n!function(d,l){\"use strict\";l.querySelector&&d.addEventListener&&\"undefined\"!=typeof URL&&(d.wp=d.wp||{},d.wp.receiveEmbedMessage||(d.wp.receiveEmbedMessage=function(e){var t=e.data;if((t||t.secret||t.message||t.value)&&!\/[^a-zA-Z0-9]\/.test(t.secret)){for(var s,r,n,a=l.querySelectorAll('iframe[data-secret=\"'+t.secret+'\"]'),o=l.querySelectorAll('blockquote[data-secret=\"'+t.secret+'\"]'),c=new RegExp(\"^https?:$\",\"i\"),i=0;i<o.length;i++)o[i].style.display=\"none\";for(i=0;i<a.length;i++)s=a[i],e.source===s.contentWindow&&(s.removeAttribute(\"style\"),\"height\"===t.message?(1e3<(r=parseInt(t.value,10))?r=1e3:~~r<200&&(r=200),s.height=r):\"link\"===t.message&&(r=new URL(s.getAttribute(\"src\")),n=new URL(t.value),c.test(n.protocol))&&n.host===r.host&&l.activeElement===s&&(d.top.location.href=t.value))}},d.addEventListener(\"message\",d.wp.receiveEmbedMessage,!1),l.addEventListener(\"DOMContentLoaded\",function(){for(var e,t,s=l.querySelectorAll(\"iframe.wp-embedded-content\"),r=0;r<s.length;r++)(t=(e=s[r]).getAttribute(\"data-secret\"))||(t=Math.random().toString(36).substring(2,12),e.src+=\"#?secret=\"+t,e.setAttribute(\"data-secret\",t)),e.contentWindow.postMessage({message:\"ready\",secret:t},\"*\")},!1)))}(window,document);\n\/\/# sourceURL=https:\/\/www.conservatorialcoi.com\/wp-includes\/js\/wp-embed.min.js\n\/* ]]> *\/\n<\/script>\n","description":"[et_pb_section bb_built=&#8221;1&#8243; admin_label=&#8221;section&#8221; _builder_version=&#8221;3.0.47&#8243;][et_pb_row admin_label=&#8221;row&#8221; _builder_version=&#8221;3.0.47&#8243; background_size=&#8221;initial&#8221; background_position=&#8221;top_left&#8221; background_repeat=&#8221;repeat&#8221;][et_pb_column type=&#8221;4_4&#8243;][et_pb_text admin_label=&#8221;Texto&#8221; _builder_version=&#8221;3.0.51&#8243; background_layout=&#8221;light&#8221; text_orientation=&#8221;left&#8221; border_style=&#8221;solid&#8221;] ENLLA\u00c7OS DIRECTES PER A ACCEDIR ALS TR\u00c0MITS DE LA SEU ELECTR\u00d2NICA CONSERVATORI PROFESSIONAL DE M\u00daSICA \u201cJUAN CANT\u00d3\u201d Com emplenar el formulari d\u2019un tr\u00e0mit Convocat\u00f2ria de Premis professionals de M\u00fasica Domiciliaci\u00f3 banc\u00e0ria per al pagament de taxes\u00a0Terminis de Presentaci\u00f3: Durant tot [&hellip;]"}

Conservatori Professional de Música Juan Cantó en Alcoi

Tràmits seu electrònica - Conservatori Professional de Música Juan Cantó en Alcoi

<blockquote class="wp-embedded-content" data-secret="VLBlxgVaqr"><a href="https://www.conservatorialcoi.com/ca/secretaria/tramits-seu-electronica/">Tràmits seu electrònica</a></blockquote><iframe sandbox="allow-scripts" security="restricted" src="https://www.conservatorialcoi.com/ca/secretaria/tramits-seu-electronica/embed/#?secret=VLBlxgVaqr" width="600" height="338" title="&#8220;Tràmits seu electrònica&#8221; &#8212; Conservatori Professional de Música Juan Cantó en Alcoi" data-secret="VLBlxgVaqr" frameborder="0" marginwidth="0" marginheight="0" scrolling="no" class="wp-embedded-content"></iframe><script type="text/javascript">
/* <![CDATA[ */
/*! This file is auto-generated */
!function(d,l){"use strict";l.querySelector&&d.addEventListener&&"undefined"!=typeof URL&&(d.wp=d.wp||{},d.wp.receiveEmbedMessage||(d.wp.receiveEmbedMessage=function(e){var t=e.data;if((t||t.secret||t.message||t.value)&&!/[^a-zA-Z0-9]/.test(t.secret)){for(var s,r,n,a=l.querySelectorAll('iframe[data-secret="'+t.secret+'"]'),o=l.querySelectorAll('blockquote[data-secret="'+t.secret+'"]'),c=new RegExp("^https?:$","i"),i=0;i<o.length;i++)o[i].style.display="none";for(i=0;i<a.length;i++)s=a[i],e.source===s.contentWindow&&(s.removeAttribute("style"),"height"===t.message?(1e3<(r=parseInt(t.value,10))?r=1e3:~~r<200&&(r=200),s.height=r):"link"===t.message&&(r=new URL(s.getAttribute("src")),n=new URL(t.value),c.test(n.protocol))&&n.host===r.host&&l.activeElement===s&&(d.top.location.href=t.value))}},d.addEventListener("message",d.wp.receiveEmbedMessage,!1),l.addEventListener("DOMContentLoaded",function(){for(var e,t,s=l.querySelectorAll("iframe.wp-embedded-content"),r=0;r<s.length;r++)(t=(e=s[r]).getAttribute("data-secret"))||(t=Math.random().toString(36).substring(2,12),e.src+="#?secret="+t,e.setAttribute("data-secret",t)),e.contentWindow.postMessage({message:"ready",secret:t},"*")},!1)))}(window,document);
//# sourceURL=https://www.conservatorialcoi.com/wp-includes/js/wp-embed.min.js
/* ]]> */
</script>

[et_pb_section bb_built=&#8221;1&#8243; admin_label=&#8221;section&#8221; _builder_version=&#8221;3.0.47&#8243;][et_pb_row admin_label=&#8221;row&#8221; _builder_version=&#8221;3.0.47&#8243; background_size=&#8221;initial&#8221; background_position=&#8221;top_left&#8221; background_repeat=&#8221;repeat&#8221;][et_pb_column type=&#8221;4_4&#8243;][et_pb_text admin_label=&#8221;Texto&#8221; _builder_version=&#8221;3.0.51&#8243; background_layout=&#8221;light&#8221; text_orientation=&#8221;left&#8221; border_style=&#8221;solid&#8221;] ENLLAÇOS DIRECTES PER A ACCEDIR ALS TRÀMITS DE LA SEU ELECTRÒNICA CONSERVATORI PROFESSIONAL DE MÚSICA “JUAN CANTÓ” Com emplenar el formulari d’un tràmit Convocatòria de Premis professionals de Música Domiciliació bancària per al pagament de taxes Terminis de Presentació: Durant tot [&hellip;]
